{"id":2946,"date":"2026-03-26T21:08:33","date_gmt":"2026-03-26T20:08:33","guid":{"rendered":"https:\/\/sdh-velesin.net\/?page_id=2946"},"modified":"2026-03-30T09:44:34","modified_gmt":"2026-03-30T08:44:34","slug":"letni-tabor","status":"publish","type":"page","link":"https:\/\/sdh-velesin.net\/?page_id=2946","title":{"rendered":"Letn\u00ed t\u00e1bor"},"content":{"rendered":"\n<div class=\"wp-block-cover\" style=\"min-height:372px;aspect-ratio:unset;\"><img loading=\"lazy\" decoding=\"async\" width=\"850\" height=\"350\" class=\"wp-block-cover__image-background wp-image-2948 size-large\" alt=\"Letn\u00ed t\u00e1bor v Sob\u011bnov\u011b 2025\" src=\"https:\/\/sdh-velesin.net\/wp-content\/uploads\/sobenov-2025-850x350.jpg\" data-object-fit=\"cover\" srcset=\"https:\/\/sdh-velesin.net\/wp-content\/uploads\/sobenov-2025-850x350.jpg 850w, https:\/\/sdh-velesin.net\/wp-content\/uploads\/sobenov-2025-400x164.jpg 400w, https:\/\/sdh-velesin.net\/wp-content\/uploads\/sobenov-2025-1536x632.jpg 1536w, https:\/\/sdh-velesin.net\/wp-content\/uploads\/sobenov-2025-2048x842.jpg 2048w\" sizes=\"auto, (max-width: 850px) 100vw, 850px\" \/><span aria-hidden=\"true\" class=\"wp-block-cover__background has-background-dim-0 has-background-dim\"><\/span><div class=\"wp-block-cover__inner-container is-layout-constrained wp-block-cover-is-layout-constrained\">\n<p class=\"has-text-align-center has-large-font-size\"><\/p>\n<\/div><\/div>\n\n\n\n<p>Op\u011bt po roce po\u0159\u00e1d\u00e1me letn\u00ed t\u00e1bor spole\u010dn\u011b s SDH Besednice na t\u00e1borov\u00e9 z\u00e1kladn\u011b v Sob\u011bnov\u011b. Uprost\u0159ed les\u016f a p\u0159i \u0161um\u011bn\u00ed \u0159eky \u010cern\u00e1 se z oby\u010dejn\u00fdch dn\u00ed st\u00e1vaj\u00ed nezapomenuteln\u00e9 p\u0159\u00edb\u011bhy.<\/p>\n\n\n\n<p>T\u00e1borov\u00e1 z\u00e1kladna je uzav\u0159en\u00fd are\u00e1l pln\u00fd pohody a bezpe\u010d\u00ed. Najdete tu n\u011bkolik budov a dokonce i baz\u00e9n, kter\u00fd v l\u00e9t\u011b zachra\u0148uje ka\u017ed\u00fd hork\u00fd den. V hlavn\u00ed budov\u011b prostornou j\u00eddelnu\/klubovnu, kuchyni, \u010dty\u0159i velk\u00e9 pokoje pro d\u011bti odd\u011blen\u00e9 pro d\u00edvky a chlapce, hygienick\u00e9 z\u00e1zem\u00ed a men\u0161\u00ed pokoje pro pracovn\u00edky a vedouc\u00ed. <\/p>\n\n\n\n<p>T\u00e1bor je ur\u010den pro d\u011bti od 6 do 17 let &#8211; star\u0161\u00ed ml\u00e1de\u017e u n\u00e1s p\u016fsob\u00ed jako instrukto\u0159i, kte\u0159\u00ed pom\u00e1haj\u00ed s programem a staraj\u00ed se o mlad\u0161\u00ed t\u00e1born\u00edky. D\u011bti mlad\u0161\u00ed 6 let je mo\u017en\u00e9 p\u0159ijmout na t\u00e1bor po individu\u00e1ln\u00ed domluv\u011b.<\/p>\n\n\n\n<p>\u010cek\u00e1 n\u00e1s program pln\u00fd her, v\u00fdzev, dobrodru\u017estv\u00ed, t\u00fdmov\u00e9ho ducha a odm\u011bn. Ka\u017ed\u00fd den p\u0159inese n\u011bco nov\u00e9ho &#8211; a\u0165 u\u017e je to celodenn\u00ed v\u00fdprava, tematick\u00e1 hra, ve\u010dern\u00ed t\u00e1bor\u00e1k nebo jen oby\u010dejn\u00e9 radosti, kter\u00e9 vznikaj\u00ed kdy\u017e se parta skv\u011bl\u00fdch lid\u00ed sejde na jednom m\u00edst\u011b.<\/p>\n\n\n\n<ul class=\"wp-block-list\">\n<li>Datum kon\u00e1n\u00ed: 18.7. &#8211; 25.7.2026<\/li>\n\n\n\n<li>M\u00edsto kon\u00e1n\u00ed: T\u00e1borov\u00e1 z\u00e1kladna LDT Sob\u011bnov (<a href=\"https:\/\/mapy.com\/s\/hagubozake\" data-type=\"link\" data-id=\"https:\/\/mapy.com\/s\/hagubozake\">Sob\u011bnov 119<\/a>), <em>d\u0159\u00edve LDT Energetik<\/em><\/li>\n\n\n\n<li>Cena: 4 200 K\u010d<\/li>\n\n\n\n<li>Doprava: Autobus z Vele\u0161\u00edna a Besednic nebo vlastn\u00ed<\/li>\n\n\n\n<li>Ubytov\u00e1n\u00ed: v budov\u011b, span\u00ed na paland\u00e1ch<\/li>\n\n\n\n<li>Hlavn\u00ed vedouc\u00ed: Ji\u0159\u00ed Kube\u0161 <\/li>\n\n\n\n<li><a href=\"https:\/\/forms.gle\/ESqxEXZvp4aUKAS16\" data-type=\"link\" data-id=\"https:\/\/forms.gle\/ESqxEXZvp4aUKAS16\">Kontaktn\u00ed formul\u00e1\u0159<\/a><\/li>\n<\/ul>\n\n\n\n<div class=\"wp-block-group has-base-background-color has-background is-layout-grid wp-container-core-group-is-layout-d8316ff0 wp-block-group-is-layout-grid\">\n<p class=\"wp-container-content-33db4021\">Soubory ke sta\u017een\u00ed:<\/p>\n\n\n\n<div class=\"wp-block-file wp-container-content-00206bb4\"><a id=\"wp-block-file--media-0f826072-22b3-495b-9b36-d70875fb7b20\" href=\"https:\/\/sdh-velesin.net\/wp-content\/uploads\/Prihlaska-na-tabor-2026.pdf\" target=\"_blank\" rel=\"noreferrer noopener\">P\u0159ihl\u00e1\u0161ka na t\u00e1bor 2026<\/a><a href=\"https:\/\/sdh-velesin.net\/wp-content\/uploads\/Prihlaska-na-tabor-2026.pdf\" class=\"wp-block-file__button wp-element-button\" download aria-describedby=\"wp-block-file--media-0f826072-22b3-495b-9b36-d70875fb7b20\">St\u00e1hnout<\/a><\/div>\n\n\n\n<div class=\"wp-block-file\"><a id=\"wp-block-file--media-e01a84c3-47dd-43cd-bd2b-f344a828ff1d\" href=\"https:\/\/sdh-velesin.net\/wp-content\/uploads\/Provozni-rad-LDT-Sobenov.pdf\" target=\"_blank\" rel=\"noreferrer noopener\">Provozn\u00ed \u0159\u00e1d LDT Sob\u011bnov<\/a><a href=\"https:\/\/sdh-velesin.net\/wp-content\/uploads\/Provozni-rad-LDT-Sobenov.pdf\" class=\"wp-block-file__button wp-element-button\" download aria-describedby=\"wp-block-file--media-e01a84c3-47dd-43cd-bd2b-f344a828ff1d\">St\u00e1hnout<\/a><\/div>\n\n\n\n<div class=\"wp-block-file\"><a id=\"wp-block-file--media-9085050c-0cf6-45e4-b664-25a046354640\" href=\"https:\/\/sdh-velesin.net\/wp-content\/uploads\/Rozmery-tricko.pdf\" target=\"_blank\" rel=\"noreferrer noopener\">Rozm\u011bry-tri\u010dko<\/a><a href=\"https:\/\/sdh-velesin.net\/wp-content\/uploads\/Rozmery-tricko.pdf\" class=\"wp-block-file__button wp-element-button\" download aria-describedby=\"wp-block-file--media-9085050c-0cf6-45e4-b664-25a046354640\">St\u00e1hnout<\/a><\/div>\n\n\n\n<div class=\"wp-block-file\"><a id=\"wp-block-file--media-49c82414-4b70-4034-9d70-ba88a2f9b387\" href=\"https:\/\/sdh-velesin.net\/wp-content\/uploads\/Prohlaseni-o-zpracovani-osobnich-udaju.pdf\" target=\"_blank\" rel=\"noreferrer noopener\">Prohl\u00e1\u0161en\u00ed o zpracov\u00e1n\u00ed osobn\u00edch \u00fadaj\u016f<\/a><a href=\"https:\/\/sdh-velesin.net\/wp-content\/uploads\/Prohlaseni-o-zpracovani-osobnich-udaju.pdf\" class=\"wp-block-file__button wp-element-button\" download aria-describedby=\"wp-block-file--media-49c82414-4b70-4034-9d70-ba88a2f9b387\">St\u00e1hnout<\/a><\/div>\n\n\n\n<div class=\"wp-block-file\"><a id=\"wp-block-file--media-bae0e7a8-b462-43b3-a6f7-791480009ead\" href=\"https:\/\/sdh-velesin.net\/wp-content\/uploads\/Posudek-o-zdravotni-zpusobilosti-ditete.pdf\" target=\"_blank\" rel=\"noreferrer noopener\">Posudek o zdravotn\u00ed zp\u016fsobilosti d\u00edt\u011bte<\/a><a href=\"https:\/\/sdh-velesin.net\/wp-content\/uploads\/Posudek-o-zdravotni-zpusobilosti-ditete.pdf\" class=\"wp-block-file__button wp-element-button\" download aria-describedby=\"wp-block-file--media-bae0e7a8-b462-43b3-a6f7-791480009ead\">St\u00e1hnout<\/a><\/div>\n\n\n\n<div class=\"wp-block-file\"><a id=\"wp-block-file--media-8978c45e-7322-4c83-bf56-77f927da8a51\" href=\"https:\/\/sdh-velesin.net\/wp-content\/uploads\/Smluvni-podminky.pdf\" target=\"_blank\" rel=\"noreferrer noopener\">Smluvn\u00ed podm\u00ednky<\/a><a href=\"https:\/\/sdh-velesin.net\/wp-content\/uploads\/Smluvni-podminky.pdf\" class=\"wp-block-file__button wp-element-button\" download aria-describedby=\"wp-block-file--media-8978c45e-7322-4c83-bf56-77f927da8a51\">St\u00e1hnout<\/a><\/div>\n\n\n\n<p class=\"has-small-font-size wp-container-content-413e1a07\"><em>Vypln\u011bnou p\u0159ihl\u00e1\u0161ku odevzdejte v hasi\u010d\u00e1rn\u011b SDH Vele\u0161\u00edn, nejl\u00e9pe p\u0159i n\u011bkter\u00e9 pravideln\u00e9 sch\u016fzce (ka\u017ed\u00e1 st\u0159eda od 16:00). P\u0159\u00edpadn\u011b m\u011b kontaktujte p\u0159es kontaktn\u00ed formul\u00e1\u0159 a na p\u0159ed\u00e1n\u00ed p\u0159ihl\u00e1\u0161ky se domluv\u00edme.<\/em><\/p>\n<\/div>\n\n\n\n<p><\/p>\n","protected":false},"excerpt":{"rendered":"<p>Op\u011bt po roce po\u0159\u00e1d\u00e1me letn\u00ed t\u00e1bor spole\u010dn\u011b s SDH Besednice na t\u00e1borov\u00e9 z\u00e1kladn\u011b v Sob\u011bnov\u011b. Uprost\u0159ed les\u016f a p\u0159i \u0161um\u011bn\u00ed \u0159eky \u010cern\u00e1 se z oby\u010dejn\u00fdch dn\u00ed st\u00e1vaj\u00ed nezapomenuteln\u00e9 p\u0159\u00edb\u011bhy. T\u00e1borov\u00e1 z\u00e1kladna je uzav\u0159en\u00fd are\u00e1l pln\u00fd pohody a bezpe\u010d\u00ed. Najdete tu n\u011bkolik budov a dokonce i baz\u00e9n, kter\u00fd v l\u00e9t\u011b zachra\u0148uje ka\u017ed\u00fd hork\u00fd den. V hlavn\u00ed &#8230; <a title=\"Letn\u00ed t\u00e1bor\" class=\"read-more\" href=\"https:\/\/sdh-velesin.net\/?page_id=2946\" aria-label=\"\u010c\u00edst v\u00edce o Letn\u00ed t\u00e1bor\">\u010c\u00edst d\u00e1l<\/a><\/p>\n","protected":false},"author":4,"featured_media":0,"parent":0,"menu_order":0,"comment_status":"closed","ping_status":"closed","template":"","meta":{"footnotes":""},"class_list":["post-2946","page","type-page","status-publish"],"_links":{"self":[{"href":"https:\/\/sdh-velesin.net\/index.php?rest_route=\/wp\/v2\/pages\/2946","targetHints":{"allow":["GET"]}}],"collection":[{"href":"https:\/\/sdh-velesin.net\/index.php?rest_route=\/wp\/v2\/pages"}],"about":[{"href":"https:\/\/sdh-velesin.net\/index.php?rest_route=\/wp\/v2\/types\/page"}],"author":[{"embeddable":true,"href":"https:\/\/sdh-velesin.net\/index.php?rest_route=\/wp\/v2\/users\/4"}],"replies":[{"embeddable":true,"href":"https:\/\/sdh-velesin.net\/index.php?rest_route=%2Fwp%2Fv2%2Fcomments&post=2946"}],"version-history":[{"count":22,"href":"https:\/\/sdh-velesin.net\/index.php?rest_route=\/wp\/v2\/pages\/2946\/revisions"}],"predecessor-version":[{"id":2997,"href":"https:\/\/sdh-velesin.net\/index.php?rest_route=\/wp\/v2\/pages\/2946\/revisions\/2997"}],"wp:attachment":[{"href":"https:\/\/sdh-velesin.net\/index.php?rest_route=%2Fwp%2Fv2%2Fmedia&parent=2946"}],"curies":[{"name":"wp","href":"https:\/\/api.w.org\/{rel}","templated":true}]}}