{"id":2471,"date":"2018-07-15T17:48:31","date_gmt":"2018-07-15T16:48:31","guid":{"rendered":"http:\/\/sdh-velesin.net\/?page_id=2471"},"modified":"2018-07-15T17:53:10","modified_gmt":"2018-07-15T16:53:10","slug":"da-avia","status":"publish","type":"page","link":"https:\/\/sdh-velesin.net\/?page_id=2471","title":{"rendered":"DA Avia"},"content":{"rendered":"<p><a href=\"https:\/\/sdh-velesin.net\/wp-content\/uploads\/avia.jpg\" rel=\"lightbox[2471]\"><img loading=\"lazy\" decoding=\"async\" class=\"wp-image-207 size-full\" src=\"https:\/\/sdh-velesin.net\/wp-content\/uploads\/avia.jpg\" alt=\"Dopravn\u00ed automobil DA12 A30K\" width=\"500\" height=\"375\" srcset=\"https:\/\/sdh-velesin.net\/wp-content\/uploads\/avia.jpg 500w, https:\/\/sdh-velesin.net\/wp-content\/uploads\/avia-300x225.jpg 300w\" sizes=\"auto, (max-width: 500px) 100vw, 500px\" \/><\/a><\/p>\n<h3>Technick\u00e9 \u00fadaje<\/h3>\n<p>Dopravn\u00ed vozidlo: <strong>DA 12 A 30<\/strong><br \/>\nOs\u00e1dka: <strong>1+9<\/strong><br \/>\nD\u00e9lka x \u0161\u00ed\u0159ka x v\u00fd\u0161ka: <strong>5 610 x 22300 x 2675 mm\u00a0<\/strong><br \/>\nV\u00fdkon motoru: <strong>60 kW p\u0159i 3 000 ot.\/min.<\/strong><br \/>\nHmotnost vozidla: <strong>5 t<\/strong><br \/>\nPodvozek: <strong>A 30, sva\u0159en\u00fd \u017eeb\u0159inov\u00fd r\u00e1m, pohon zadn\u00ed n\u00e1pravy<\/strong><br \/>\nN\u00e1stavba: <strong>v\u00fdrobce THZ Poli\u010dka<\/strong><br \/>\nN\u00e1stavba obsahuje: <strong>prostor pro mu\u017estvo, a zadn\u00ed \u010d\u00e1sti je: 1x PS 12, hadice B, hadice C, savice 110, sorbent pro \u00faklid ropn\u00fdch produkt\u016f, \u017eenijn\u00ed n\u00e1\u0159ad\u00ed<\/strong><\/p>\n","protected":false},"excerpt":{"rendered":"<p>Technick\u00e9 \u00fadaje Dopravn\u00ed vozidlo: DA 12 A 30 Os\u00e1dka: 1+9 D\u00e9lka x \u0161\u00ed\u0159ka x v\u00fd\u0161ka: 5 610 x 22300 x 2675 mm\u00a0 V\u00fdkon motoru: 60 kW p\u0159i 3 000 ot.\/min. Hmotnost vozidla: 5 t Podvozek: A 30, sva\u0159en\u00fd \u017eeb\u0159inov\u00fd r\u00e1m, pohon zadn\u00ed n\u00e1pravy N\u00e1stavba: v\u00fdrobce THZ Poli\u010dka N\u00e1stavba obsahuje: prostor pro mu\u017estvo, a zadn\u00ed \u010d\u00e1sti &#8230; <a title=\"DA Avia\" class=\"read-more\" href=\"https:\/\/sdh-velesin.net\/?page_id=2471\" aria-label=\"\u010c\u00edst v\u00edce o DA Avia\">\u010c\u00edst d\u00e1l<\/a><\/p>\n","protected":false},"author":4,"featured_media":0,"parent":0,"menu_order":0,"comment_status":"closed","ping_status":"closed","template":"","meta":{"footnotes":""},"class_list":["post-2471","page","type-page","status-publish"],"_links":{"self":[{"href":"https:\/\/sdh-velesin.net\/index.php?rest_route=\/wp\/v2\/pages\/2471","targetHints":{"allow":["GET"]}}],"collection":[{"href":"https:\/\/sdh-velesin.net\/index.php?rest_route=\/wp\/v2\/pages"}],"about":[{"href":"https:\/\/sdh-velesin.net\/index.php?rest_route=\/wp\/v2\/types\/page"}],"author":[{"embeddable":true,"href":"https:\/\/sdh-velesin.net\/index.php?rest_route=\/wp\/v2\/users\/4"}],"replies":[{"embeddable":true,"href":"https:\/\/sdh-velesin.net\/index.php?rest_route=%2Fwp%2Fv2%2Fcomments&post=2471"}],"version-history":[{"count":3,"href":"https:\/\/sdh-velesin.net\/index.php?rest_route=\/wp\/v2\/pages\/2471\/revisions"}],"predecessor-version":[{"id":2475,"href":"https:\/\/sdh-velesin.net\/index.php?rest_route=\/wp\/v2\/pages\/2471\/revisions\/2475"}],"wp:attachment":[{"href":"https:\/\/sdh-velesin.net\/index.php?rest_route=%2Fwp%2Fv2%2Fmedia&parent=2471"}],"curies":[{"name":"wp","href":"https:\/\/api.w.org\/{rel}","templated":true}]}}