{"id":2432,"date":"2018-07-15T16:53:46","date_gmt":"2018-07-15T15:53:46","guid":{"rendered":"http:\/\/sdh-velesin.net\/?page_id=2432"},"modified":"2018-07-19T20:53:59","modified_gmt":"2018-07-19T19:53:59","slug":"pomocna-technika","status":"publish","type":"page","link":"https:\/\/sdh-velesin.net\/?page_id=2432","title":{"rendered":"Pomocn\u00e1 technika"},"content":{"rendered":"<div id='gallery-1' class='gallery galleryid-2432 gallery-columns-2 gallery-size-large'><figure class='gallery-item'>\n\t\t\t<div class='gallery-icon landscape'>\n\t\t\t\t<a href='https:\/\/sdh-velesin.net\/wp-content\/uploads\/37283379_10209250246692187_3598125087200378880_n.jpg' rel=\"lightbox[2432]\"><img loading=\"lazy\" decoding=\"async\" width=\"850\" height=\"478\" src=\"https:\/\/sdh-velesin.net\/wp-content\/uploads\/37283379_10209250246692187_3598125087200378880_n-850x478.jpg\" class=\"attachment-large size-large\" alt=\"\" aria-describedby=\"gallery-1-2489\" srcset=\"https:\/\/sdh-velesin.net\/wp-content\/uploads\/37283379_10209250246692187_3598125087200378880_n-850x478.jpg 850w, https:\/\/sdh-velesin.net\/wp-content\/uploads\/37283379_10209250246692187_3598125087200378880_n-400x225.jpg 400w\" sizes=\"auto, (max-width: 850px) 100vw, 850px\" \/><\/a>\n\t\t\t<\/div>\n\t\t\t\t<figcaption class='wp-caption-text gallery-caption' id='gallery-1-2489'>\n\t\t\t\tP\u0159etlakov\u00fd ventil\u00e1tor\n\t\t\t\t<\/figcaption><\/figure><figure class='gallery-item'>\n\t\t\t<div class='gallery-icon landscape'>\n\t\t\t\t<a href='https:\/\/sdh-velesin.net\/wp-content\/uploads\/37283785_10209250245492157_7014066346128310272_n.jpg' rel=\"lightbox[2432]\"><img loading=\"lazy\" decoding=\"async\" width=\"850\" height=\"478\" src=\"https:\/\/sdh-velesin.net\/wp-content\/uploads\/37283785_10209250245492157_7014066346128310272_n-850x478.jpg\" class=\"attachment-large size-large\" alt=\"\" aria-describedby=\"gallery-1-2488\" srcset=\"https:\/\/sdh-velesin.net\/wp-content\/uploads\/37283785_10209250245492157_7014066346128310272_n-850x478.jpg 850w, https:\/\/sdh-velesin.net\/wp-content\/uploads\/37283785_10209250245492157_7014066346128310272_n-400x225.jpg 400w\" sizes=\"auto, (max-width: 850px) 100vw, 850px\" \/><\/a>\n\t\t\t<\/div>\n\t\t\t\t<figcaption class='wp-caption-text gallery-caption' id='gallery-1-2488'>\n\t\t\t\tP\u0159enosn\u00e1 plovouc\u00ed \u010derpadla\n\t\t\t\t<\/figcaption><\/figure><figure class='gallery-item'>\n\t\t\t<div class='gallery-icon landscape'>\n\t\t\t\t<a href='https:\/\/sdh-velesin.net\/wp-content\/uploads\/37236231_10209250246412180_8320695070877548544_n.jpg' rel=\"lightbox[2432]\"><img loading=\"lazy\" decoding=\"async\" width=\"850\" height=\"478\" src=\"https:\/\/sdh-velesin.net\/wp-content\/uploads\/37236231_10209250246412180_8320695070877548544_n-850x478.jpg\" class=\"attachment-large size-large\" alt=\"\" aria-describedby=\"gallery-1-2487\" srcset=\"https:\/\/sdh-velesin.net\/wp-content\/uploads\/37236231_10209250246412180_8320695070877548544_n-850x478.jpg 850w, https:\/\/sdh-velesin.net\/wp-content\/uploads\/37236231_10209250246412180_8320695070877548544_n-400x225.jpg 400w\" sizes=\"auto, (max-width: 850px) 100vw, 850px\" \/><\/a>\n\t\t\t<\/div>\n\t\t\t\t<figcaption class='wp-caption-text gallery-caption' id='gallery-1-2487'>\n\t\t\t\tMotorov\u00e9 pily a rozbrus\n\t\t\t\t<\/figcaption><\/figure><figure class='gallery-item'>\n\t\t\t<div class='gallery-icon landscape'>\n\t\t\t\t<a href='https:\/\/sdh-velesin.net\/wp-content\/uploads\/37272453_10209250244772139_2598078678592126976_n.jpg' rel=\"lightbox[2432]\"><img loading=\"lazy\" decoding=\"async\" width=\"850\" height=\"478\" src=\"https:\/\/sdh-velesin.net\/wp-content\/uploads\/37272453_10209250244772139_2598078678592126976_n-850x478.jpg\" class=\"attachment-large size-large\" alt=\"\" aria-describedby=\"gallery-1-2490\" srcset=\"https:\/\/sdh-velesin.net\/wp-content\/uploads\/37272453_10209250244772139_2598078678592126976_n-850x478.jpg 850w, https:\/\/sdh-velesin.net\/wp-content\/uploads\/37272453_10209250244772139_2598078678592126976_n-400x225.jpg 400w\" sizes=\"auto, (max-width: 850px) 100vw, 850px\" \/><\/a>\n\t\t\t<\/div>\n\t\t\t\t<figcaption class='wp-caption-text gallery-caption' id='gallery-1-2490'>\n\t\t\t\tAutomatizovan\u00fd Extern\u00ed Defibril\u00e1tor (AED)\n\t\t\t\t<\/figcaption><\/figure><figure class='gallery-item'>\n\t\t\t<div class='gallery-icon landscape'>\n\t\t\t\t<a href='https:\/\/sdh-velesin.net\/wp-content\/uploads\/37288309_10209250246132173_7414080809595830272_n.jpg' rel=\"lightbox[2432]\"><img loading=\"lazy\" decoding=\"async\" width=\"850\" height=\"478\" src=\"https:\/\/sdh-velesin.net\/wp-content\/uploads\/37288309_10209250246132173_7414080809595830272_n-850x478.jpg\" class=\"attachment-large size-large\" alt=\"\" aria-describedby=\"gallery-1-2486\" srcset=\"https:\/\/sdh-velesin.net\/wp-content\/uploads\/37288309_10209250246132173_7414080809595830272_n-850x478.jpg 850w, https:\/\/sdh-velesin.net\/wp-content\/uploads\/37288309_10209250246132173_7414080809595830272_n-400x225.jpg 400w\" sizes=\"auto, (max-width: 850px) 100vw, 850px\" \/><\/a>\n\t\t\t<\/div>\n\t\t\t\t<figcaption class='wp-caption-text gallery-caption' id='gallery-1-2486'>\n\t\t\t\tVysava\u010d hmyzu\n\t\t\t\t<\/figcaption><\/figure><figure class='gallery-item'>\n\t\t\t<div class='gallery-icon landscape'>\n\t\t\t\t<a href='https:\/\/sdh-velesin.net\/wp-content\/uploads\/37238826_10209237862982602_6334258450071027712_n.jpg' rel=\"lightbox[2432]\"><img loading=\"lazy\" decoding=\"async\" width=\"850\" height=\"479\" src=\"https:\/\/sdh-velesin.net\/wp-content\/uploads\/37238826_10209237862982602_6334258450071027712_n-850x479.jpg\" class=\"attachment-large size-large\" alt=\"\" aria-describedby=\"gallery-1-2447\" srcset=\"https:\/\/sdh-velesin.net\/wp-content\/uploads\/37238826_10209237862982602_6334258450071027712_n-850x479.jpg 850w, https:\/\/sdh-velesin.net\/wp-content\/uploads\/37238826_10209237862982602_6334258450071027712_n-400x225.jpg 400w, https:\/\/sdh-velesin.net\/wp-content\/uploads\/37238826_10209237862982602_6334258450071027712_n.jpg 1224w\" sizes=\"auto, (max-width: 850px) 100vw, 850px\" \/><\/a>\n\t\t\t<\/div>\n\t\t\t\t<figcaption class='wp-caption-text gallery-caption' id='gallery-1-2447'>\n\t\t\t\tHydraulick\u00e9 vypro\u0161\u0165ovac\u00ed za\u0159\u00edzen\u00ed Lukas\n\t\t\t\t<\/figcaption><\/figure><figure class='gallery-item'>\n\t\t\t<div class='gallery-icon portrait'>\n\t\t\t\t<a href='https:\/\/sdh-velesin.net\/wp-content\/uploads\/37125743_1890260164371455_5786565659299151872_n.jpg' rel=\"lightbox[2432]\"><img loading=\"lazy\" decoding=\"async\" width=\"450\" height=\"600\" src=\"https:\/\/sdh-velesin.net\/wp-content\/uploads\/37125743_1890260164371455_5786565659299151872_n-450x600.jpg\" class=\"attachment-large size-large\" alt=\"\" aria-describedby=\"gallery-1-2451\" srcset=\"https:\/\/sdh-velesin.net\/wp-content\/uploads\/37125743_1890260164371455_5786565659299151872_n-450x600.jpg 450w, https:\/\/sdh-velesin.net\/wp-content\/uploads\/37125743_1890260164371455_5786565659299151872_n-300x400.jpg 300w, https:\/\/sdh-velesin.net\/wp-content\/uploads\/37125743_1890260164371455_5786565659299151872_n.jpg 1200w\" sizes=\"auto, (max-width: 450px) 100vw, 450px\" \/><\/a>\n\t\t\t<\/div>\n\t\t\t\t<figcaption class='wp-caption-text gallery-caption' id='gallery-1-2451'>\n\t\t\t\tVys\u00edla\u010dky Motorola\n\t\t\t\t<\/figcaption><\/figure><figure class='gallery-item'>\n\t\t\t<div class='gallery-icon landscape'>\n\t\t\t\t<a href='https:\/\/sdh-velesin.net\/wp-content\/uploads\/37121519_10209237894063379_838393198320549888_n.jpg' rel=\"lightbox[2432]\"><img loading=\"lazy\" decoding=\"async\" width=\"800\" height=\"600\" src=\"https:\/\/sdh-velesin.net\/wp-content\/uploads\/37121519_10209237894063379_838393198320549888_n-800x600.jpg\" class=\"attachment-large size-large\" alt=\"\" srcset=\"https:\/\/sdh-velesin.net\/wp-content\/uploads\/37121519_10209237894063379_838393198320549888_n-800x600.jpg 800w, https:\/\/sdh-velesin.net\/wp-content\/uploads\/37121519_10209237894063379_838393198320549888_n-400x300.jpg 400w, https:\/\/sdh-velesin.net\/wp-content\/uploads\/37121519_10209237894063379_838393198320549888_n.jpg 1440w\" sizes=\"auto, (max-width: 800px) 100vw, 800px\" \/><\/a>\n\t\t\t<\/div><\/figure><figure class='gallery-item'>\n\t\t\t<div class='gallery-icon landscape'>\n\t\t\t\t<a href='https:\/\/sdh-velesin.net\/wp-content\/uploads\/vysokotlak.jpg' rel=\"lightbox[2432]\"><img loading=\"lazy\" decoding=\"async\" width=\"500\" height=\"375\" src=\"https:\/\/sdh-velesin.net\/wp-content\/uploads\/vysokotlak.jpg\" class=\"attachment-large size-large\" alt=\"Vysokotlak\u00fd agrg\u00e1t HDL 200\" aria-describedby=\"gallery-1-220\" srcset=\"https:\/\/sdh-velesin.net\/wp-content\/uploads\/vysokotlak.jpg 500w, https:\/\/sdh-velesin.net\/wp-content\/uploads\/vysokotlak-300x225.jpg 300w\" sizes=\"auto, (max-width: 500px) 100vw, 500px\" \/><\/a>\n\t\t\t<\/div>\n\t\t\t\t<figcaption class='wp-caption-text gallery-caption' id='gallery-1-220'>\n\t\t\t\tHDL 200\n\t\t\t\t<\/figcaption><\/figure><figure class='gallery-item'>\n\t\t\t<div class='gallery-icon landscape'>\n\t\t\t\t<a href='https:\/\/sdh-velesin.net\/wp-content\/uploads\/n_strikacka02.jpg' rel=\"lightbox[2432]\"><img loading=\"lazy\" decoding=\"async\" width=\"446\" height=\"375\" src=\"https:\/\/sdh-velesin.net\/wp-content\/uploads\/n_strikacka02.jpg\" class=\"attachment-large size-large\" alt=\"St\u0159\u00edka\u010dka PS12\" aria-describedby=\"gallery-1-212\" srcset=\"https:\/\/sdh-velesin.net\/wp-content\/uploads\/n_strikacka02.jpg 446w, https:\/\/sdh-velesin.net\/wp-content\/uploads\/n_strikacka02-300x252.jpg 300w\" sizes=\"auto, (max-width: 446px) 100vw, 446px\" \/><\/a>\n\t\t\t<\/div>\n\t\t\t\t<figcaption class='wp-caption-text gallery-caption' id='gallery-1-212'>\n\t\t\t\tPS12\n\t\t\t\t<\/figcaption><\/figure>\n\t\t<\/div>\n\n","protected":false},"excerpt":{"rendered":"","protected":false},"author":4,"featured_media":0,"parent":0,"menu_order":0,"comment_status":"closed","ping_status":"closed","template":"","meta":{"footnotes":""},"class_list":["post-2432","page","type-page","status-publish"],"_links":{"self":[{"href":"https:\/\/sdh-velesin.net\/index.php?rest_route=\/wp\/v2\/pages\/2432","targetHints":{"allow":["GET"]}}],"collection":[{"href":"https:\/\/sdh-velesin.net\/index.php?rest_route=\/wp\/v2\/pages"}],"about":[{"href":"https:\/\/sdh-velesin.net\/index.php?rest_route=\/wp\/v2\/types\/page"}],"author":[{"embeddable":true,"href":"https:\/\/sdh-velesin.net\/index.php?rest_route=\/wp\/v2\/users\/4"}],"replies":[{"embeddable":true,"href":"https:\/\/sdh-velesin.net\/index.php?rest_route=%2Fwp%2Fv2%2Fcomments&post=2432"}],"version-history":[{"count":8,"href":"https:\/\/sdh-velesin.net\/index.php?rest_route=\/wp\/v2\/pages\/2432\/revisions"}],"predecessor-version":[{"id":2491,"href":"https:\/\/sdh-velesin.net\/index.php?rest_route=\/wp\/v2\/pages\/2432\/revisions\/2491"}],"wp:attachment":[{"href":"https:\/\/sdh-velesin.net\/index.php?rest_route=%2Fwp%2Fv2%2Fmedia&parent=2432"}],"curies":[{"name":"wp","href":"https:\/\/api.w.org\/{rel}","templated":true}]}}