{"id":2290,"date":"2018-04-22T16:59:09","date_gmt":"2018-04-22T15:59:09","guid":{"rendered":"http:\/\/sdh-velesin.net\/?page_id=2290"},"modified":"2025-08-18T17:16:14","modified_gmt":"2025-08-18T16:16:14","slug":"kontakty","status":"publish","type":"page","link":"https:\/\/sdh-velesin.net\/?page_id=2290","title":{"rendered":"Kontakty"},"content":{"rendered":"<p>Adresa: S\u00eddli\u0161t\u011b 390, Vele\u0161\u00edn 38232<br \/>\nStarosta sboru: Jan \u017dlunka, tel.: 602 421 957<br \/>\nVelitel jednotky: Petr Sk\u0159iv\u00e1nek, tel.: 724 826 717, email: skrivanek@velesin.cz<br \/>\n<a href=\"https:\\\\www.facebook.com\\sdh.velesin\" target=\"_blank\" rel=\"noopener\">Facebook<\/a><\/p>\n","protected":false},"excerpt":{"rendered":"<p>Adresa: S\u00eddli\u0161t\u011b 390, Vele\u0161\u00edn 38232 Starosta sboru: Jan \u017dlunka, tel.: 602 421 957 Velitel jednotky: Petr Sk\u0159iv\u00e1nek, tel.: 724 826 717, email: skrivanek@velesin.cz Facebook<\/p>\n","protected":false},"author":4,"featured_media":0,"parent":0,"menu_order":0,"comment_status":"closed","ping_status":"closed","template":"","meta":{"footnotes":""},"class_list":["post-2290","page","type-page","status-publish"],"_links":{"self":[{"href":"https:\/\/sdh-velesin.net\/index.php?rest_route=\/wp\/v2\/pages\/2290","targetHints":{"allow":["GET"]}}],"collection":[{"href":"https:\/\/sdh-velesin.net\/index.php?rest_route=\/wp\/v2\/pages"}],"about":[{"href":"https:\/\/sdh-velesin.net\/index.php?rest_route=\/wp\/v2\/types\/page"}],"author":[{"embeddable":true,"href":"https:\/\/sdh-velesin.net\/index.php?rest_route=\/wp\/v2\/users\/4"}],"replies":[{"embeddable":true,"href":"https:\/\/sdh-velesin.net\/index.php?rest_route=%2Fwp%2Fv2%2Fcomments&post=2290"}],"version-history":[{"count":3,"href":"https:\/\/sdh-velesin.net\/index.php?rest_route=\/wp\/v2\/pages\/2290\/revisions"}],"predecessor-version":[{"id":2893,"href":"https:\/\/sdh-velesin.net\/index.php?rest_route=\/wp\/v2\/pages\/2290\/revisions\/2893"}],"wp:attachment":[{"href":"https:\/\/sdh-velesin.net\/index.php?rest_route=%2Fwp%2Fv2%2Fmedia&parent=2290"}],"curies":[{"name":"wp","href":"https:\/\/api.w.org\/{rel}","templated":true}]}}